ue
Suppose -1744080 = -91*b - 28*b + 7034669. Is b composite?
False
Let g(c) = -c**3 + c**2 + 66. Let q be g(0). Suppose -1761 = -69*u + q*u. Is u prime?
True
Let a(g) = -5*g**2 - 14*g + 3. Let w be a(-3). Is 3840 + -6 - (3 + w) composite?
True
Suppose -4*l + 3*c + 23 = 0, 15*l - 30 = 10*l + 4*c. Suppose -l*h + 5*h = 951. Is h a prime number?
True
Let h = 91 + -65. Let x = 5 - h. Let k = x + 808. Is k a composite number?
False
Let o be (-48 + 3)*(-1 + 2/(-10)). Let w be 18/o*(135 + 0). Suppose -w*v = -44*v - 187. Is v a prime number?
False
Is (346065/12 + -3)*(-124 + 152) prime?
False
Suppose 470*k - 2*n = 473*k - 70537, -n = 4. Is k composite?
True
Let a be (-13)/(-78) - (268910/12 - -2). Is 1*(-5 - 1 - a) a composite number?
True
Suppose 27452 = 4*m - 4*g, -m + 3790 = -2*g - 3073. Is m prime?
True
Suppose 0 = -31622*c + 31604*c + 1678986. Is c a prime number?
False
Suppose t = -3, 0 = 2*s + t - 0 + 3. Let p be 56/14 + (s - 0). Suppose -589 = -p*f + 639. Is f prime?
True
Let a be (2 + (-260)/(-35))/((-2)/(-644)). Let s = 475 + a. Is s composite?
False
Let g = -8690 - -8275. Let p be 862 + 0 + (-1 - -1). Let x = p + g. Is x prime?
False
Suppose -9*h = -65*h + 5132904. Is h prime?
False
Let u be 12/(-90) + -2*(-28)/(-30). Is (-1)/(-4)*(-45352)/4*u prime?
True
Is 1519465/(-310)*-1*1*118 prime?
False
Suppose 3 = t, 0 = -38*y + 33*y - 4*t + 3909767. Is y composite?
False
Let m = 123050 - 5781. Is m composite?
False
Let x be (-1)/((-1)/(-3) - 0). Suppose -3*l = -4*a - 18, 79 = -4*l - 5*a + 103. Is (x/l)/(1 - (-927)/(-926)) prime?
True
Suppose 3 = -4*q - 3*x - 0*x, -6 = q - x. Let l(j) = -9*j**2 - 6*j - 7. Let g be l(q). Is (g + 11)/((-1)/5) a composite number?
True
Is ((-129153)/2)/(4*6/(-80)) composite?
True
Is 1/7 - (-32912048)/728 composite?
True
Let x(t) = -94*t**3 - 10*t**2 - 442*t + 181. Is x(-22) a composite number?
True
Let g = 719 + -715. Suppose 0 = -g*h + 28073 + 11955. Is h a composite number?
False
Let t be (-90)/(-6)*669/(-5). Let n = -856 - t. Is n a composite number?
False
Suppose -2*y + 3*u + 5 = 6*u, 4*y - 34 = 2*u. Suppose -y*w = -8*w - 5*l + 34, -4*l = 20. Is w a composite number?
False
Let r(q) = 1357*q + 5203. Is r(52) prime?
True
Let n be -4 - (-5 - -7)/((-2)/7). Suppose 0 = -3*d + 29 - 8. Suppose n*w + 6140 = d*w. Is w a prime number?
False
Let h = 8602 - 1539. Is h a prime number?
False
Let t = -228 + 334. Is 18/99 - t/(-22) - -1356 a prime number?
True
Let t(v) = 831744*v**3 + 35*v**2 - 33*v - 1. Is t(1) a composite number?
True
Let v(a) = a**2 - 5*a - 34. Let f be v(9). Suppose -4*q - f*n = -14400, -2*q - 2688 = 3*n - 9884. Is q a composite number?
True
Let a = -18 - -22. Suppose a*r - 1740 = -y, -435 = 3*r - 4*r - y. Suppose 6*k - r = 711. Is k a prime number?
True
Let r be 6 + 15710 + 7/(-1). Suppose 4*o - 17537 = 3*n, 2549 = -3*o - 5*n + r. Is o composite?
True
Let l = 204 + -99. Suppose -3*p + 8*p = l. Let y = 59 - p. Is y composite?
True
Let c(r) be the first derivative of r**3/3 - 13*r - 19. Let b be c(-4). Suppose -b*i - 60 + 729 = 0. Is i prime?
True
Let m be 7/(105/(-72132)) + 24/30. Let h = m - -6859. Is h a prime number?
False
Suppose -2*l + 10 = -2*y + 4*y, 0 = -2*y - 3*l + 12. Let g be (3 - 3)/((-6)/y). Is (-2 - (-5 - g)) + (-1 - -189) composite?
False
Let k(s) be the second derivative of 19*s**4/6 - 117*s**2/2 - 197*s. Is k(-10) a prime number?
False
Suppose -q + r = -0*r + 517, -4*q + 3*r = 2066. Let i = q + 1156. Is i prime?
True
Suppose -10938 = -5*h - o, -h + 2193 = 40*o - 38*o. Suppose -b + 3552 = 2*b. Let n = h - b. Is n a prime number?
False
Let k = -633128 + 2848391. Is k a composite number?
True
Let d be 132/30 + -8 - 2/5. Let q(c) = -432*c + 55. Is q(d) prime?
True
Let c(z) = 2*z**2 - z + 1. Let o be c(1). Suppose o*k - 2220 = 3*v - 5*v, -2*k + 2219 = 3*v. Is k a prime number?
False
Let k(v) = -v**3 + 37*v**2 + 80*v - 51. Let p be k(39). Suppose -133501 = -p*n + 606218. Is n prime?
True
Let f(g) = -3 + 3*g**2 + 4 + 2*g + 4*g**3 + 1. Let h be f(7). Let q = h - 524. Is q prime?
False
Let h(k) = -k**2 + 5*k + 8. Let m(w) = -36*w - 59. Let y(q) = -5*h(q) - m(q). Let o(c) = c**3 - 6*c**2 + 3*c - 8. Let i be o(6). Is y(i) a prime number?
False
Suppose -11*y + 45 = -2*y. Suppose y*r - 78377 + 922 = 0. Is r prime?
False
Let r(u) = -827*u + 619. Is r(-20) composite?
False
Let v be (-21)/(-14)*4/(-6). Let l(q) = 2497*q - 1. Let o be l(v). Is 6/(-3) - 2/(4/o) prime?
False
Suppose 23*m - 175 - 124 = 0. Suppose -m*r = -r - 53004. Is r a prime number?
False
Suppose -4 = 10*l - 12*l, 4*l = 3*v + 88799. Let o = -19794 - v. Is o a composite number?
False
Suppose -203*a + 11284251 = -170*a. Is a prime?
True
Suppose s = 6*b - 122023, s - 43612 + 145298 = 5*b. Is b prime?
False
Let k(f) = 2*f**2 - 23*f - 10. Let p be k(12). Suppose 4944 + 862 = p*g. Is g a composite number?
False
Let d = 202926 + -70957. Is d a composite number?
False
Let u = 7385 - -48. Is u prime?
True
Is 16987180/560 + 22/8 prime?
False
Suppose t + 0 = 2*z - 1, -z + 3*t = 7. Let x be (9 - 5 - (z + -2)) + 0. Suppose 0*r - 17301 = -5*r - x*b, b = r - 3453. Is r a prime number?
True
Let s(l) be the first derivative of -8*l**4 - 3*l**3 + 17*l**2/2 + 71*l + 202. Is s(-5) a prime number?
True
Let i = -203 + 195. Is (-12)/i + (-131181)/(-6) a composite number?
True
Let q(z) = -50*z**3 + 2. Let l be q(-2). Let x = -259 + l. Suppose 108 = p - x. Is p prime?
True
Let q(r) = 58*r**2 - 37*r + 38. Let w = -31 + 51. Let n be q(w). Suppose -n + 1029 = -7*u. Is u a prime number?
True
Let c(g) = 3095*g**2 + 83*g + 61. Is c(18) a prime number?
False
Suppose 0 = -4*p - 3*x + 13, 3*p + 4*x = -2*p + 16. Let y(l) = -2620*l + 6 + 2753*l - 11. Is y(p) composite?
True
Let v = -432 - -724. Let r = v - 180. Let k = r - -521. Is k prime?
False
Let z(h) be the first derivative of 407*h**2/2 + 12*h + 103. Is z(1) composite?
False
Suppose b - 23*b + 24*b - 230602 = 0. Is b prime?
True
Let b be (-2 - (-159)/12)/(9/24). Suppose b = 14*g - 20*g. Is 1/g + 40476/30 prime?
False
Suppose -x - 2*o + 147 = 0, -56*o + 57*o = -3*x + 446. Is x a composite number?
False
Is ((-5625)/(-30) - -7)*38 a prime number?
False
Let m = 10675 - -24196. Is m composite?
False
Suppose 0 = -f - 5*c + 72426, -2*f + 144839 = -4*c + c. Is f a prime number?
True
Let m(i) = 37*i**2 - 17*i + 32. Let u be m(2). Let w = 345 - u. Is w a prime number?
True
Suppose -2*l - 944 = x, 2*x - 3*l + 1888 = -0*l. Let u(i) = -4*i**2 - 50*i - 23. Let a be u(-20). Let f = a - x. Is f a composite number?
True
Let g be -2 - 100/((-6)/(-3)). Let a be (-2)/9 + g/9. Is a/(-27)*-3 - (-25914)/18 a composite number?
False
Let m(c) = 27*c**2 - c - 5. Let n be m(-7). Suppose 6*r + n = -3571. Is (-1 - r/(-2))/(-2 + 1) composite?
False
Let j be 16/(-6) - (-5)/(-15). Let p be (-1)/(2740/(-913) - j). Suppose -p = 4*b - 3621. Is b prime?
True
Let j be 10*(72/20 + -4). Is (j/10)/(1/2620*-4) a composite number?
True
Is ((-1274830)/20)/17*-2 prime?
True
Suppose -5*m - 4*s + 37294 = 0, 2*m - 82*s - 14902 = -81*s. Is m composite?
True
Suppose 20*m - 43*m = -1380069. Let x = m + -25784. Is x a prime number?
False
Let q = -55 + 82. Let y be (-8)/6 - (-90)/q. Suppose -2*c + 54 = -h + 426, y*h + 5*c = 789. Is h a prime number?
False
Let l(a) = a**2 + 41*a + 36. Let t be l(-40). Is t*5/2 + 4 + 39827 a prime number?
True
Let u(s) = s**2 - 22*s + 4. Let w be u(23). Suppose -w*l + 3428 = -15661. Is l prime?
False
Let k be ((-559)/(-86))/(1/42). Suppose -2*v + 5521 = -k. Is v a prime number?
True
Suppose -4*q + 102437 = 3*z, -5*q = 4*z + 73964 - 202009. Is q prime?
False
Suppose -r - 4*w - 21 = -25, -2*r + 12 = 4*w. Let d be (-14)/(2*3/(-126)). Suppose 2*u + 10 = 0, o + r*u - d = 3*u. Is o composite?
True
Suppose -2*q - 47*g = -49*g + 938, -3*q - 2*g - 1387 = 0. Suppose -5*f - 1402 = 3078. Let a = q - f. Is a composite?
False
Let j be 58/1 - (-6)/3. Let f = j + -35. Let p = 36 - f. Is p a composite number?
False
Let f = 32 + -27. Let m(t) = -t**3 + t**2 + 5*t + 6. Let q be m(f). Let n = q - -227. Is n composite?
True
Let b = 11127 + -6293. Suppose 2071 = 5*x - b. Is x composite?
False
Let q(b) = b**3 + 8*b**2 - 2*b - 67. Let p be q(-7). Is p - -10 - -244 - -3 a prime number?
False
Let j = 39 + -40. Let r be 12 - (0 + j - 3). Suppose 0 = -r*w + 11*w + 